 factor of l and 16.
16
Suppose -j = 5*j. Suppose g + g + 4*d - 36 = 0, 3*g + 2*d - 54 = j. What is the greatest common divisor of g and 144?
18
Suppose 0 = -25*d + 17*d + 2072. What is the greatest common factor of 851 and d?
37
Let b(k) = -5*k. Let y(p) = -p**3 - 5*p**2 - 2*p - 1. Let o be 5/10 - (-10)/(-4). Let u be y(o). Let d be b(u). What is the highest common factor of d and 15?
15
Let z be 4*(1 + (-4)/8). Suppose 7 - z = c. Suppose c*h - 565 = 195. What is the highest common divisor of 19 and h?
19
Suppose -v + 5*j + 41 = 0, -6*v - 55 = -9*v - 2*j. What is the greatest common divisor of v and 105?
21
Suppose 3*d + 2*d - 5*j - 330 = 0, -4*j = -2*d + 128. Let v = 293 - d. What is the highest common factor of v and 45?
45
Let h(d) = 230*d**2 - d. Let q be h(-1). Let m = 442 + -232. Suppose -3*x = 7*x - m. Calculate the greatest common factor of q and x.
21
Let n = 55 - 19. Calculate the greatest common factor of n and 18.
18
Suppose 4*u + 26 = 5*i, -2*i - 5*u = -i + 18. Suppose 0 = i*r + r + 3. Let j be (-22)/3*r*6. What is the greatest common divisor of j and 22?
22
Let v = 175 - 76. Suppose 3*p = 11 - 2, 2*w + 2*p - 32 = 0. Let g(i) = i - 2. Let q be g(w). Calculate the highest common divisor of q and v.
11
Let l be (12/15)/((-22)/(-385)). Let d = 19 - 5. Suppose -d = -2*x - 0*x. What is the highest common divisor of l and x?
7
Suppose -12*v = 14*v - 312. Let h = -1 + 5. Calculate the highest common factor of v and h.
4
Suppose 0 = 2*s + 4*u - 34, -u + 3*u + 25 = 5*s. Suppose s*t - 65 = 19. What is the greatest common divisor of 24 and t?
12
Let l(j) = j + 9. Let m be l(-6). Suppose 6 = 2*q - 2*z, 2 = 5*q + m*z - 13. Let y be (-2)/(-2)*(-3 - -24). Calculate the greatest common factor of y and q.
3
Let b be 2/(2 + (-93)/48). Let v = -1853 + 1877. What is the greatest common divisor of b and v?
8
Let s(i) = i**3 + 11*i**2 + 11*i + 12. Let t be s(-10). Calculate the greatest common divisor of 50 and t.
2
Suppose 0 = -20*f + 6*f + 70. Calculate the highest common divisor of 25 and f.
5
Let b(d) = 33*d - 8. Let s be b(4). Let m = -15 + 46. What is the highest common divisor of m and s?
31
Suppose -2*z + 3*f = -0*f - 48, -3*z + 2*f + 82 = 0. Suppose -15*k + 560 = -k. Calculate the greatest common factor of k and z.
10
Let b be (5 + 19/(-2))/(18/(-312)). What is the greatest common divisor of b and 754?
26
Let a be (-24)/(-40)*(-10)/(-2). Suppose -5*f + a*f = -64. What is the highest common divisor of f and 4?
4
Let j(s) = 54*s**2 + 56*s + 4. Let v be j(4). Calculate the greatest common factor of v and 21.
21
Let z(j) = j**3 + 7*j**2 - 7*j + 1. Let l be z(-8). Let n(s) = -9*s - 50. Let c be n(l). What is the greatest common divisor of c and 13?
13
Suppose 11 - 41 = 10*r. Let x be r - (-1)/(-1) - -22. Calculate the greatest common factor of 36 and x.
18
Suppose 3*a - 28 = -5*j, -3*a - 16 = j - 12. What is the highest common factor of 368 and j?
8
Suppose 202 = 3*d + b, -16*b + 11*b - 146 = -2*d. What is the greatest common divisor of d and 884?
68
Let r be ((-46)/7 - 2)*-7. Suppose -3*o - 2*o = -r. Suppose -3*h - 114 = -5*d, 2*d + 2*h - 13 = 39. Calculate the highest common divisor of d and o.
12
Let t be (-12)/90*-5 - 1940/(-6). Suppose 3 = -i + 2*f - 7*f, -3*f = -4*i + 34. Suppose -i*l + t = -l. Calculate the greatest common factor of l and 36.
18
Suppose -4 = q - 10. What is the greatest common divisor of q and 192?
6
Let i = 60 + -24. Let l = 99 - i. What is the greatest common factor of 9 and l?
9
Let p(t) = -t**2 + 28*t - 16. Let u be p(16). Calculate the highest common factor of u and 572.
44
Let w(l) = -13*l + 3. Let h be w(-6). Let r = -53 + h. What is the greatest common factor of r and 28?
28
Let d(t) = -t + 8. Let y be d(8). Suppose 4*h - 103 = -l - 1, y = 2*h - 5*l - 62. What is the greatest common factor of h and 286?
26
Let k(b) = -35*b**3 + 4*b**2 - 11*b - 71. Let v be k(-4). Calculate the greatest common divisor of 198 and v.
99
Suppose 387 = 12*s - 45. Calculate the highest common divisor of s and 180.
36
Suppose 20*c - 7560 = 10*c. Calculate the greatest common divisor of c and 84.
84
Suppose 0 = -4*i - s - 17 + 73, i - s - 9 = 0. Let w(u) = -2*u**3 - 11*u**2 + 6*u + 13. Let d be w(-6). What is the greatest common factor of i and d?
13
Let j = -17 + 29. Suppose -4*s + i + 228 = -3*s, j = -4*i. Let w = 371 + -346. What is the highest common divisor of w and s?
25
Let q = 136 + -701. Let z be q/(-7) - (-2)/7. What is the highest common divisor of 9 and z?
9
Suppose 0 = 2*p - 127 - 13. Calculate the greatest common factor of p and 50.
10
Suppose 5*j - 25 = 5*l, 3 + 17 = -2*l + 4*j. Suppose l = 8*v - 10*v + 88. Calculate the greatest common divisor of v and 396.
44
Let d(l) = -80*l + 31. Let x be d(-4). What is the greatest common factor of 27 and x?
27
Let r be (3*24/9)/((-2)/(-4)). What is the greatest common factor of 304 and r?
16
Suppose -241 = -3*t + 29. Let i = t + -63. Calculate the greatest common factor of i and 9.
9
Let o = 516 - 506. Let w = 175 - 85. Calculate the greatest common divisor of w and o.
10
Let u = -34 - -39. Suppose j + 22 = 5*m - 3*j, -2*j = u*m - 4. What is the greatest common divisor of 14 and m?
2
Let c be (-8712)/(-60) + (-12)/10. What is the greatest common divisor of 108 and c?
36
Suppose -63 = 3*y - 4*y. Let t(b) = -88*b - 4. Let r be t(1). Let s = 99 + r. Calculate the greatest common factor of s and y.
7
Suppose 3*b - 13 = p, 2*b + p - 12 = -0*p. Suppose 4*z = -0*z + 4*l + 796, -5*z + 985 = b*l. What is the greatest common divisor of 22 and z?
22
Let f(s) = -s**2 - 13*s - 3. Let c be f(-13). Let y be (720/(-25))/c + 6/15. Calculate the greatest common factor of y and 80.
10
Let j(i) = 75*i - 345. Let p be j(5). Let a = -20 - -65. Calculate the highest common factor of p and a.
15
Let s(m) = 3*m**2 + 4*m + 2. Let h be s(-2). Let y = h - 4. Suppose y*r - 4*r = -c - 31, 1 = c. What is the highest common divisor of r and 80?
16
Let w = 48 - 20. Suppose -4*v + 5*u + w + 0 = 0, 2*v + u = 0. Let s be 44/33*48/v. What is the greatest common divisor of 4 and s?
4
Suppose 198 = -27*x + 30*x. What is the greatest common factor of x and 6?
6
Let c(r) = r**2 - 2*r + 19. Let d be c(7). What is the highest common divisor of d and 243?
27
Let l be (((-68)/6)/1)/((-9)/81). What is the greatest common divisor of 561 and l?
51
Let g(m) = -20*m**3 + 2*m**2 - 1. Let p = 18 + -19. Let v be g(p). Let h be (-6)/v - 48/(-21). What is the highest common divisor of h and 14?
2
Let t be 2 - (-176 + 1 + -1). Suppose 0*x + 202 = -2*x. Let v = x + t. What is the greatest common factor of v and 7?
7
Let z(a) = -143*a - 187. Let l be z(-5). Calculate the highest common factor of l and 48.
48
Let h = -62 - -159. Suppose -12 = -h*x + 95*x. Let k = -10 + 19. Calculate the greatest common factor of k and x.
3
Let s be (4/(-5))/(4/(-10)). Let l be (3/2)/(s/20). Let n(d) = 4*d**2 + 168*d + 105. Let x be n(-42). Calculate the greatest common factor of l and x.
15
Let g(n) = -3*n**2 + 9*n - 1. Let y be g(7). Let t be 24/(-72)*(1 + y). Calculate the greatest common divisor of 252 and t.
28
Let f be (5/2 - 5) + 17/2. What is the highest common factor of 1116 and f?
6
Suppose z - 5*z - 4*h + 32 = 0, 2*h = z - 14. Let s be (17 - 5)*11/2. Let u be (2 - z/2) + s. What is the greatest common divisor of 9 and u?
9
Let f be (515/206)/(10/48). Calculate the highest common factor of f and 1104.
12
Suppose 10*b - 7*b - 24489 = 0. Let c be b/15 - 5/25. Let y = -324 + c. Calculate the highest common factor of 20 and y.
20
Let r be (0 - -3) + -1 - -14. Suppose -14 - r = -s - 2*m, s - 55 = 3*m. Let z = 43 - 27. What is the highest common factor of s and z?
8
Let z(q) = q. Let s(m) = m**2 + 15*m + 8. Let a(b) = -s(b) + 6*z(b). Let n be a(-7). Calculate the greatest common divisor of 18 and n.
6
Let y be (33/22)/(6/360). Calculate the greatest common divisor of 240 and y.
30
Let d(a) = 10*a + 78. Let q be d(-7). What is the highest common divisor of q and 32?
8
Suppose 38*x - 2376 = -70*x. Suppose -2*o + f = -6, -3*o = -o + 2*f. Calculate the highest common divisor of o and x.
2
Suppose -4*c + 15 = -5. Suppose j + 2*p = 6, 2*j - c*p - 6 = 24. What is the highest common factor of j and 15?
5
Let b be (16 - 0)/((-2)/(-6)). Calculate the greatest com